1?
11001000001000101011101
In base 3, what is 112022222 + -110?
112022112
In base 8, what is -347647 + 4?
-347643
In base 7, what is 6246 - -654?
10233
In base 6, what is 10403 - -42?
10445
In base 9, what is 1344580 - -2?
1344582
In base 14, what is -25b688 - -3?
-25b685
In base 11, what is 161 - -39?
19a
In base 4, what is 11131 + 2023?
13220
In base 12, what is 0 + -16579?
-16579
In base 12, what is -5 + -22b?
-234
In base 4, what is -11033 + 1123?
-3310
In base 13, what is -1 - 2bb47?
-2bb48
In base 3, what is -1001122 - 11?
-1001210
In base 3, what is 121220012 - -10?
121220022
In base 15, what is 173a5 - -2?
173a7
In base 6, what is 441155 - -10?
441205
In base 13, what is 4 + 9c33?
9c37
In base 3, what is -2 + -112000122120?
-112000122122
In base 14, what is -b8b - 35?
-bc2
In base 6, what is -13 - 24015122?
-24015135
In base 14, what is 4 - 44a5a?
-44a56
In base 12, what is -8 + 1094?
1088
In base 3, what is -222112 - 1010011?
-2002200
In base 2, what is 100 - 11011101111000?
-11011101110100
In base 2, what is 1110011100 + 11?
1110011111
In base 4, what is -21 + 12311130?
12311103
In base 3, what is -10002110122 + -2?
-10002110201
In base 11, what is -100770a - -1?
-1007709
In base 2, what is -1101000001111000 + 101?
-1101000001110011
In base 14, what is -170 + 56?
-118
In base 4, what is 3 - 1113302?
-1113233
In base 5, what is 204 - -3414340?
3420044
In base 10, what is -1 + -24225?
-24226
In base 15, what is -3 + 4575?
4572
In base 9, what is -7 + -83444?
-83452
In base 14, what is -97162 - -9?
-97157
In base 2, what is 100 - -1010110100110010001?
1010110100110010101
In base 2, what is 101 - 110010111111010001?
-110010111111001100
In base 16, what is -3 + -1d61?
-1d64
In base 10, what is -10 + 1973?
1963
In base 6, what is -23 + -22535?
-23002
In base 2, what is 11110 - 1000010000110?
-1000001101000
In base 14, what is -a9 - -c6?
1b
In base 15, what is -b89e99 - -2?
-b89e97
In base 7, what is 4 - 1262160?
-1262153
In base 2, what is 0 - -101100101011011101?
101100101011011101
In base 6, what is 35023 - -15?
35042
In base 16, what is 9 - -24e6b?
24e74
In base 12, what is 5 - 37231?
-37228
In base 7, what is 2512306 - 3?
2512303
In base 2, what is -100011111010 + -1000100?
-100100111110
In base 14, what is -d61a3 - -5?
-d619c
In base 14, what is 42959 + 2?
4295b
In base 10, what is -1656800 + -3?
-1656803
In base 12, what is -14630 - 4?
-14634
In base 6, what is 3 + 30042343?
30042350
In base 5, what is -2 - -20211142?
20211140
In base 3, what is -111 - -110102111001?
110102110120
In base 10, what is 139563 + -1?
139562
In base 9, what is -5 - -274114?
274108
In base 16, what is e675 + -3?
e672
In base 4, what is 12322203 + 221?
12323030
In base 3, what is 202 - -2020102112?
2020110021
In base 11, what is 133 + -439?
-306
In base 14, what is -4 + 39ab0?
39aaa
In base 16, what is 4345 - 1?
4344
In base 5, what is 13 + -312?
-244
In base 14, what is -349 + -ca1?
-120a
In base 3, what is -102101002 - -120?
-102100112
In base 3, what is 111 + 20101111?
20101222
In base 12, what is -74 + 16?
-5a
In base 4, what is -1213131 + 1132?
-1211333
In base 6, what is 101 + 3035?
3140
In base 6, what is 21 + -2232412?
-2232351
In base 13, what is 1424 - 59?
1398
In base 5, what is -24 + -10120220?
-10120244
In base 9, what is -2 - -107117?
107115
In base 6, what is -25133 + -25?
-25202
In base 4, what is -120 + -20013?
-20133
In base 5, what is 1332 - 12220?
-10333
In base 4, what is 20 + -20010320?
-20010300
In base 7, what is 23 - 553?
-530
In base 12, what is -1646578 + -4?
-1646580
In base 11, what is -a06 - -2?
-a04
In base 16, what is 2cc - 302?
-36
In base 5, what is -4340 - 212?
-10102
In base 2, what is -110010010 - -110100?
-101011110
In base 9, what is 2708 + -133?
2565
In base 9, what is -225121 - -10?
-225111
In base 3, what is -2022 - -100002212?
100000120
In base 7, what is 261 - 14466?
-14205
In base 12, what is -1b2 + -88b1?
-8aa3
In base 11, what is -176 + -203?
-379
In base 3, what is 120201211021 + 2?
120201211100
In base 10, what is 3396170 - 0?
3396170
In base 2, what is 1110000000111 - -1?
1110000001000
In base 8, what is 12302 - -761?
13263
In base 4, what is -11321301 + -23?
-11321330
In base 8, what is 5211 + -5?
5204
In base 13, what is 1 + -b1774?
-b1773
In base 13, what is 321 + -52a?
-209
In base 14, what is -1 - -6c27?
6c26
In base 12, what is -b151 - -19?
-b134
In base 12, what is -8084 - 62?
-8126
In base 11, what is -3a7 - 113?
-50a
In base 6, what is 2 - -5253254?
5253300
In base 9, what is 2542 + 24?
2566
In base 2, what is 10010010 - -1110001100?
10000011110
In base 8, what is -17 - -1504?
1465
In base 10, what is -330 + 131?
-199
In base 14, what is 6d52 - -4?
6d56
In base 16, what is -ee90a - 5?
-ee90f
In base 16, what is -2438c + d?
-2437f
In base 15, what is 31b - 32b?
-10
In base 9, what is -21578 + 168?
-21410
In base 8, what is 454576 + -14?
454562
In base 10, what is -19803 + -5?
-19808
In base 6, what is 11013 + 23?
11040
In base 13, what is -3485 - 3?
-3488
In base 14, what is -13 + -d329?
-d33c
In base 6, what is -124 - 341?
-505
In base 12, what is -13 - -a25?
a12
In base 8, what is 41 - 71143?
-71102
In base 12, what is 0 - -2a690?
2a690
In base 3, what is 1200 + 11201111?
11210011
In base 2, what is 101 + -11110100100110001?
-11110100100101100
In base 6, what is 1003 + -22?
541
In base 16, what is -866 - 55?
-8bb
In base 7, what is 556104 - 5?
556066
In base 6, what is -54 + -4524?
-5022
In base 9, what is 24674 - -7?
24682
In base 9, what is 6 + 272152?
272158
In base 3, what is 1002222201021 - -10?
1002222201101
In base 11, what is 175 - 1a2?
-28
In base 4, what is -210011220 - 2?
-210011222
In base 7, what is -2 + -264162?
-264164
In base 14, what is -6395 + 2b?
-6368
In base 11, what is 8258 + -1?
8257
In base 10, what is -5846 + 10?
-5836
In base 10, what is -5239 - 18?
-5257
In base 11, what is -9269 - -9?
-9260
In base 4, what is 1132012311 - -12?
1132012323
In base 2, what is 111111010101 + 1010000000?
1001001010101
In base 5, what is -13104 + -230?
-13334
In base 14, what is 49652c + -3?
496529
In base 7, what is 3 - -110124?
110130
In base 2, what is -10 + -10010010101100?
-10010010101110
In base 12, what is 2a7 - -21?
308
In base 10, what is -45 + -106?
-151
In base 12, what is -311600 - -3?
-3115b9
In base 2, what is 1111 + -100001101001?
-100001011010
In base 2, what is 11000110 + 1001011100?
1100100010
In base 16, what is -2b55 - -22?
-2b33
In base 5, what is -322021 + 12?
-322004
In base 12, what is 6656 + -10?
6646
In base 11, what is 1194 - 73?
1121
In base 4, what is 0 + -3200112?
-3200112
In base 7, what is 1463 - -230?
2023
In base 15, what is -4 - -12b38b?
12b387
In base 12, what is -10 - 427?
-437
In base 7, what is -55055 + 1?
-55054
In base 6, what is 150 - -13331?
13521
In base 2, what is -10010 + 10100010?
10010000
In base 6, what is 25 + 154331?
154400
In base 10, what is 0 + 57145?
57145
In base 10, what is -24 - 46222?
-46246
In base 7, what is 3 + 32621?
32624
In base 12, what is 5 - -10790?
10795
In base 10, what is 164 - -173?
337
In base 15, what is 1 + 1068?
1069
In base 5, what is 3 + 101020444?
101021002
In base 12, what is -1a132 + -1a?
-1a150
In base 2, what is -10010111101 + -11100101?
-10110100010
In base 12, what is 107393 - -b?
1073a2
In base 16, what is -2ea92 - -12?
-2ea80
In base 3, what is 10 - 111020100?
-111020020
In base 9, what is 21172 - 188?
20873
In base 3, what is 1 + -1000101011212?
-1000101011211
In base 5, what is -23 - 104131?
-104204
In base 3, what is 110002 + 122022?
1002101
In base 6, what is 1 - 4232010?
-4232005
In base 4, what is 1 - 12?
-11
In base 6, what is -10252404 + -5?
-10252413
In base 8, what is -437 + 2541?
2102
In base 11, what is 824 + 2682?
33a6
In base 8, what is 1210 + -175?
1013
In base 16, what is -694 + 18?
-67c
In base 3, what is -2102110 + 2022000?
-10110
In base 8, what is 1 - 125461?
-125460
In base 13, what is 13a + 104?
241
In base 11, what is 18895 + -2?
18893
In base 6, what is -15553242 - 4?
-15553250
In base 6, what is -4 - -2401544?
2401540
In base 9, what is 8710 + -81?
8618
In base 14, what is 1d20 + 4?
1d24
In base 2, what is -1 - -100001000010111?
100001000010110
In base 7, what is 351516 - -2?
351